- -45. Let u(j) = 25 + 3*j + 4*j - 5*j - 9*j. Let p be u(-11). What is the highest common divisor of p and w?
17
Let z = 5374 - 4615. What is the highest common factor of 276 and z?
69
Suppose 0 = 30*h - 34*h + 48. What is the greatest common divisor of 5220 and h?
12
Suppose -34*v + 94*v = 1560. Let w(u) = -2*u**3 - 10*u**2 + 14*u + 13. Let l be w(-6). Calculate the greatest common divisor of l and v.
1
Suppose -3*s + 6 = -0*s. Suppose -s*x + 21 - 3 = 4*m, -4*x - 3 = -5*m. Suppose 3*a + 11 = h, h - x = -2*h - a. Calculate the highest common divisor of 6 and h.
2
Let s(j) = -2*j**2 + 22*j + 4. Let c be s(11). Suppose -424 = -4*o - c*i, i = -3*i - 12. Let h = o + -63. Calculate the greatest common factor of 115 and h.
23
Let q be (1848/16 + (-6)/4)*(-2 - -16). What is the highest common factor of q and 168?
84
Let d be (-12)/32 - (-908)/32. Suppose -d*k - 2349 = -37*k. What is the greatest common divisor of k and 9?
9
Let m = -2845 - -6220. Calculate the highest common divisor of m and 30.
15
Let p be (10 - 1/(-1 - 7/(-6))) + 211. Calculate the greatest common divisor of 5 and p.
5
Let j(d) = 52*d - 134. Suppose -365 = -x - 358. Let y be j(x). Calculate the highest common factor of y and 23.
23
Suppose 2*d = -2 - 4, y - 75 = 3*d. Let b be ((-68)/(-8))/(3/y). Let c = 19 + -2. What is the highest common divisor of b and c?
17
Suppose -442*b = -2345492 - 2847124. Calculate the highest common factor of b and 132.
132
Let d be 12 + (-238)/17 + 228/2. Calculate the greatest common divisor of 1162 and d.
14
Let r = 17573 - 16129. What is the highest common factor of r and 64?
4
Suppose -139*u - 4039 = 54*u - 6934. Let b(r) = -4*r - 1. Let f be b(-5). Suppose -4*h + 139 - f = 0. Calculate the greatest common factor of u and h.
15
Let l = -172 + 150. Let s(a) = a + 126. Let i be s(l). What is the greatest common divisor of 16 and i?
8
Suppose -1423 + 3932 + 1495 = 26*u. Calculate the greatest common factor of u and 198.
22
Let z = -186 - -349. Suppose 10*c - z = 217. Calculate the greatest common factor of 209 and c.
19
Suppose -46*a = 19 + 73. Let x be (26 - 17) + (-70)/a. What is the highest common factor of x and 88?
44
Suppose 258*n - 220*n = 1216. Calculate the highest common factor of n and 5912.
8
Suppose 3*d - 24 = -2*w + 318, 5*d - 570 = 3*w. Calculate the highest common divisor of 102 and d.
6
Suppose w = 5*n + 371 - 4003, -5*n - 3*w + 3664 = 0. Calculate the highest common divisor of n and 3016.
104
Suppose 0 = -5*w - 4*v + 1308, -2*w - v + 42 + 483 = 0. Let l = 180 - w. Let i = -39 - l. Calculate the greatest common factor of i and 45.
45
Let i = -4211 - -4588. What is the highest common factor of i and 91?
13
Suppose -8*w = -9*w + 91. Let r = w + 117. Calculate the highest common divisor of 16 and r.
16
Let l = 4218 + -4215. Calculate the greatest common factor of 8 and l.
1
Let f(g) = -7*g - 72. Let i be f(-11). Suppose -5*u + 27 = -z - 7, -2*u + i*z = -9. What is the greatest common factor of 861 and u?
7
Let f be (-2)/(-4) - (-515)/10. Let r = 227 - 188. What is the highest common factor of f and r?
13
Let v = 2656 + -2326. Let x(h) = 5*h + 47. Let k be x(-5). Calculate the highest common divisor of v and k.
22
Let v be -11 - -3 - (-72 - (-45)/(-9)). Calculate the highest common factor of 874 and v.
23
Let t(k) = 2*k**3 + 65*k**2 + 22*k + 95. Let s be t(-32). Calculate the greatest common factor of 15 and s.
5
Suppose -4*o - 598*z + 544 = -599*z, 4*z + 702 = 5*o. Calculate the highest common factor of o and 4288.
134
Suppose 4*r + 731 = 43. Let j be r/(-36) - (-10)/45. Let l be 662/6 - 8/120*j. Calculate the highest common divisor of l and 10.
10
Let m(r) = 2*r**3 + 21*r**2 + 8*r + 20. Let u(o) = -2*o**3 + 13*o**2 + 6*o - 3. Let k be u(7). Let x be m(k). What is the greatest common divisor of 15 and x?
5
Suppose 2*g + 6*g + 1160 = 0. Let l = -45 - g. Suppose 0 = -f - 79 + l. What is the greatest common divisor of f and 84?
21
Let h be (-400)/75*(-75)/10. Suppose 0 = -98*u + 95*u - 4*k + h, -u = 5*k - 17. Let p = -84 - -156. Calculate the highest common divisor of p and u.
12
Let d(f) = 45*f**2 + 3*f. Let s be d(1). Suppose -11*u + 10*u + s = 0. Calculate the highest common factor of u and 48.
48
Suppose 4*o = 1 + 3. Let n(q) be the third derivative of q**5/3 - q**4/12 + 28*q**2. Let s be n(o). Calculate the highest common divisor of 63 and s.
9
Let v = 37265 + -35627. Calculate the greatest common factor of v and 2821.
91
Let y = -130 + 105. Let r(w) = -w**2 - 23*w + 75. Let x be r(y). Suppose 29*s = x*s + 204. Calculate the greatest common factor of s and 17.
17
Suppose 0 = -52*p + 901 + 640 - 501. What is the highest common divisor of p and 1370?
10
Let r be -1164*(5/(-2))/(-5). Let x = -240 - r. Calculate the highest common divisor of 36 and x.
18
Let y = -6692 - -6792. Calculate the highest common factor of 360 and y.
20
Let j(r) = -46*r - 700. Let s be j(-19). Calculate the greatest common factor of 54 and s.
6
Suppose -11*c + 1076 = 2*c - 1121. Calculate the greatest common factor of c and 130.
13
Suppose -2*k = -10, -2*a + 4*k + 33 + 37 = 0. What is the highest common factor of a and 285?
15
Let q be 1*2*5/(-10) - -4. Let a be (1 - (q + 2)) + 22. Suppose -2*b + 96 = 2*b. What is the highest common divisor of a and b?
6
Suppose 1494 - 2894 = -7*q. Calculate the highest common divisor of q and 970.
10
Suppose 0 = -18*n + 61891 - 61819. Calculate the greatest common divisor of 2034 and n.
2
Suppose 323 = 265*c - 77 - 16295. Calculate the highest common divisor of 5425 and c.
7
Suppose v - 6*v = -220. Let o be (-11 + (-3)/(-1))/((-8)/20). Suppose -o*g + 73 = -7. Calculate the greatest common divisor of g and v.
4
Let k be 8/264*11 + 22780/15. Calculate the highest common factor of 31 and k.
31
Let d = -18361 + 18391. What is the greatest common factor of 850 and d?
10
Suppose -2*i = -3*o - 639, 4*i + 4*o - 1275 = 9*o. What is the highest common factor of i and 1050?
105
Let a = 5618 - 5595. Calculate the highest common divisor of 23 and a.
23
Let o(d) = -d - 1. Let t be 15 - (-1 - -4)/(-3). Let r be o(t). Let a = r - -23. What is the greatest common divisor of a and 4?
2
Let h = -3849 + 3930. Calculate the highest common factor of h and 1305.
9
Let q(m) = m**3 - 8*m**2 + m - 2. Let z be q(8). Suppose -138 = -24*y + z. What is the greatest common factor of y and 3?
3
Suppose 454*j = 452*j - 4, -h + 4*j + 8 = 0. Let r(k) = 9 + 0*k**2 + k**3 + 5*k**2 - 3*k**2. Let g be r(h). What is the greatest common factor of 3 and g?
3
Suppose 709225 = -100*t + 974682 + 2361943. Calculate the greatest common divisor of 174 and t.
174
Suppose -31*j = -20*j - 176. Let z(p) = p**2 - 11*p + 4. Let g be z(11). Suppose 0 = g*s - 7*s + 144. Calculate the highest common divisor of j and s.
16
Let h(n) = -n + 5. Let u be h(2). Suppose 0 = u*z + 3*s - 309, 2*s - 400 = -4*z + s. Let b be 9*1*(2 + -1). Calculate the greatest common factor of b and z.
9
Let z(u) = 6*u**2 - 40*u - 130. Let w be z(11). What is the highest common divisor of 5226 and w?
78
Suppose -42 = 26*p - 28*p. Let k(j) = 2*j - 30. Let y be k(p). Let a(q) = q**2 - q + 132. Let g be a(0). Calculate the highest common factor of g and y.
12
Suppose 14 = -4*x - 5*t, -3 = -3*x + 4*x + t. Let s be x*(4 + (-17)/(-2))*-2. What is the greatest common factor of s and 75?
25
Suppose -3*l + 1041 = 6*y, -3*y - 4*l + 692 = y. What is the greatest common factor of 9 and y?
3
Let b(x) = x**2 + 27*x - 29. Let z be b(-29). Calculate the greatest common factor of z and 9947.
29
Let y be -23*(0 - (4 + -3))*-2. Let a = y + 32. Let p be (-56)/6*21/a. What is the greatest common factor of p and 28?
14
Let y be ((-133)/7)/((-15)/150). Calculate the greatest common factor of y and 60.
10
Suppose o + u + 100 - 108 = 0, 3*o - 20 = -5*u. Let f = -193 + 1133. Calculate the greatest common factor of o and f.
10
Suppose -2*g = -23*g - 4158. Let o = -186 - g. Calculate the greatest common factor of 52 and o.
4
Suppose -507*p + 290*p = -280*p + 3213. Suppose 4*z + 0*z = g - 38, g + 3*z = 31. Calculate the greatest common factor of p and g.
17
Let x(r) = 30 - 37 + 20*r**2 + 23*r - 32*r**3 + 31*r**3. Let n be x(21). What is the highest common factor of 245 and n?
35
Let j(d) be the second derivative of 14*d**3/3 + 10*d**2 + 